{"id":983,"date":"2019-01-09T12:21:25","date_gmt":"2019-01-09T11:21:25","guid":{"rendered":"http:\/\/edouard-vallaint-vierzon.ovh\/?page_id=983"},"modified":"2024-07-06T10:47:46","modified_gmt":"2024-07-06T08:47:46","slug":"aide-possibles","status":"publish","type":"page","link":"https:\/\/edouard-vallaint-vierzon.ovh\/?page_id=983","title":{"rendered":"Aides possibles"},"content":{"rendered":"\n<p><span style=\"color: #000000;\">Il existe au lyc\u00e9e deux dispositifs d&rsquo;aides pour la restauration et l &lsquo;h\u00e9bergement :<\/span><\/p>\n<p>\u00a0<\/p>\n<ul>\n<li><span style=\"color: #000000;\">le fond social lyc\u00e9en : des aides peuvent \u00eatre demand\u00e9es par les familles pour tous les frais li\u00e9s \u00e0 la scolarit\u00e9 de leur enfant (demi-pension, internat, fournitures scolaires&#8230;). Les demandes sont \u00e0 effectuer aupr\u00e8s de l&rsquo;assistante sociale du lyc\u00e9e, Madame Chantal COLLIN :<\/span><\/li>\n<\/ul>\n<p style=\"text-align: center;\"><span style=\"color: #000000;\">\u00a0 \u00a0 \u00a0 \u00a0 \u00a0 \u00a0 \u00a0 \u00a0 \u00a0 \u00a0 T\u00e9l\u00e9phone : 02.48.71.57.61\u00a0 \u00a0 \u00a0 \u00a0 \u00a0 \u00a0 \u00a0mail : chantal.collin@ac-orleans-tours.fr.<\/span><\/p>\n<p style=\"text-align: center;\"><span style=\"color: #000000;\"><em>Permanence sans rdv le mardi de 14h00 \u00e0 17h00. (rendez-vous possibles tous les jours de la semaine except\u00e9 le jeudi).\u00a0<\/em><\/span><\/p>\n<p>\u00a0<\/p>\n<ul>\n<li><span style=\"color: #000000;\">l&rsquo;aide r\u00e9gionale \u00e0 la restauration et l&rsquo;h\u00e9bergement scolaire : Madame\u00a0 Aline DEVILLIERE (r\u00e9f\u00e9rente)\u00a0<\/span><\/li>\n<\/ul>\n<p>\u00a0<\/p>\n<p>\u00a0<\/p>\n<p><span style=\"color: #000000;\">Pour les \u00e9l\u00e8ves de terminale, vous trouverez ci-dessous des informations pour vos aides financi\u00e8res dans votre future ann\u00e9e d&rsquo;\u00e9tudiant.<\/span><\/p>\n<p>\u00a0<\/p>\n\n\n","protected":false},"excerpt":{"rendered":"<p>Il existe au lyc\u00e9e deux dispositifs d&rsquo;aides pour la restauration et l &lsquo;h\u00e9bergement : \u00a0 le fond social lyc\u00e9en :<\/p>\n","protected":false},"author":1,"featured_media":0,"parent":0,"menu_order":0,"comment_status":"closed","ping_status":"closed","template":"","meta":{"colormag_page_container_layout":"default_layout","colormag_page_sidebar_layout":"default_layout","footnotes":""},"class_list":["post-983","page","type-page","status-publish","hentry"],"_links":{"self":[{"href":"https:\/\/edouard-vallaint-vierzon.ovh\/index.php?rest_route=\/wp\/v2\/pages\/983","targetHints":{"allow":["GET"]}}],"collection":[{"href":"https:\/\/edouard-vallaint-vierzon.ovh\/index.php?rest_route=\/wp\/v2\/pages"}],"about":[{"href":"https:\/\/edouard-vallaint-vierzon.ovh\/index.php?rest_route=\/wp\/v2\/types\/page"}],"author":[{"embeddable":true,"href":"https:\/\/edouard-vallaint-vierzon.ovh\/index.php?rest_route=\/wp\/v2\/users\/1"}],"replies":[{"embeddable":true,"href":"https:\/\/edouard-vallaint-vierzon.ovh\/index.php?rest_route=%2Fwp%2Fv2%2Fcomments&post=983"}],"version-history":[{"count":16,"href":"https:\/\/edouard-vallaint-vierzon.ovh\/index.php?rest_route=\/wp\/v2\/pages\/983\/revisions"}],"predecessor-version":[{"id":10608,"href":"https:\/\/edouard-vallaint-vierzon.ovh\/index.php?rest_route=\/wp\/v2\/pages\/983\/revisions\/10608"}],"wp:attachment":[{"href":"https:\/\/edouard-vallaint-vierzon.ovh\/index.php?rest_route=%2Fwp%2Fv2%2Fmedia&parent=983"}],"curies":[{"name":"wp","href":"https:\/\/api.w.org\/{rel}","templated":true}]}}

<p><span style="color: #000000;">Il existe au lycée deux dispositifs d&rsquo;aides pour la restauration et l &lsquo;hébergement :</span></p>
<p> </p>
<ul>
<li><span style="color: #000000;">le fond social lycéen : des aides peuvent être demandées par les familles pour tous les frais liés à la scolarité de leur enfant (demi-pension, internat, fournitures scolaires&#8230;). Les demandes sont à effectuer auprès de l&rsquo;assistante sociale du lycée, Madame Chantal COLLIN :</span></li>
</ul>
<p style="text-align: center;"><span style="color: #000000;">                    Téléphone : 02.48.71.57.61             mail : chantal.collin@ac-orleans-tours.fr.</span></p>
<p style="text-align: center;"><span style="color: #000000;"><em>Permanence sans rdv le mardi de 14h00 à 17h00. (rendez-vous possibles tous les jours de la semaine excepté le jeudi). </em></span></p>
<p> </p>
<ul>
<li><span style="color: #000000;">l&rsquo;aide régionale à la restauration et l&rsquo;hébergement scolaire : Madame  Aline DEVILLIERE (référente) </span></li>
</ul>
<p> </p>
<p> </p>
<p><span style="color: #000000;">Pour les élèves de terminale, vous trouverez ci-dessous des informations pour vos aides financières dans votre future année d&rsquo;étudiant.</span></p>
<p> </p>

<p>Il existe au lycée deux dispositifs d&rsquo;aides pour la restauration et l &lsquo;hébergement :   le fond social lycéen :</p>
